{"id":68,"date":"2025-10-13T09:34:53","date_gmt":"2025-10-13T09:34:53","guid":{"rendered":"https:\/\/tvk.nl\/lynkco\/?page_id=68"},"modified":"2026-02-18T15:57:17","modified_gmt":"2026-02-18T14:57:17","slug":"lynkco-assistance","status":"publish","type":"page","link":"https:\/\/tvk.nl\/lynkco\/extras\/lynkco-assistance\/","title":{"rendered":"Lynk &#038; Co Assistance"},"content":{"rendered":"\n<figure class=\"wp-block-image alignwide size-full\"><img loading=\"lazy\" decoding=\"async\" width=\"1920\" height=\"1080\" src=\"https:\/\/tvk.nl\/app\/uploads\/sites\/3\/2026\/02\/LynkCo_08_lifestyle_Bibian-03_06_25-15267_V02_CMYK-edited.jpg\" alt=\"Lynk &amp; Co Assistance\" class=\"wp-image-1964\" srcset=\"https:\/\/tvk.nl\/app\/uploads\/sites\/3\/2026\/02\/LynkCo_08_lifestyle_Bibian-03_06_25-15267_V02_CMYK-edited.jpg 1920w, https:\/\/tvk.nl\/app\/uploads\/sites\/3\/2026\/02\/LynkCo_08_lifestyle_Bibian-03_06_25-15267_V02_CMYK-edited-300x169.jpg 300w, https:\/\/tvk.nl\/app\/uploads\/sites\/3\/2026\/02\/LynkCo_08_lifestyle_Bibian-03_06_25-15267_V02_CMYK-edited-1024x576.jpg 1024w, https:\/\/tvk.nl\/app\/uploads\/sites\/3\/2026\/02\/LynkCo_08_lifestyle_Bibian-03_06_25-15267_V02_CMYK-edited-768x432.jpg 768w, https:\/\/tvk.nl\/app\/uploads\/sites\/3\/2026\/02\/LynkCo_08_lifestyle_Bibian-03_06_25-15267_V02_CMYK-edited-1536x864.jpg 1536w, https:\/\/tvk.nl\/app\/uploads\/sites\/3\/2026\/02\/LynkCo_08_lifestyle_Bibian-03_06_25-15267_V02_CMYK-edited-1280x720.jpg 1280w, https:\/\/tvk.nl\/app\/uploads\/sites\/3\/2026\/02\/LynkCo_08_lifestyle_Bibian-03_06_25-15267_V02_CMYK-edited-640x360.jpg 640w\" sizes=\"auto, (max-width: 1920px) 100vw, 1920px\" \/><\/figure>\n\n\n\n<div class=\"wp-block-columns alignwide is-style-one-half-one-chunk is-layout-flex wp-container-core-columns-is-layout-28f84493 wp-block-columns-is-layout-flex\">\n<div class=\"wp-block-column is-col-6 is-layout-flow wp-block-column-is-layout-flow\">\n<h2 class=\"wp-block-heading\" id=\"h-bij-onvoorziene-omstandigheden-waarin-het-onwaarschijnlijke-geval-zich-voordoet-dat-je-pech-hebt-staat-lynk-amp-co-assistance-voor-je-klaar-om-je-zo-goed-mogelijk-te-helpen-de-hulpdienst-is-365-dagen-per-jaar-24-uur-per-dag-beschikbaar\">Bij onvoorziene omstandigheden waarin het onwaarschijnlijke geval zich voordoet dat je pech hebt, staat Lynk &amp; Co Assistance voor je klaar om je zo goed mogelijk te helpen. <mark style=\"background-color:rgba(0, 0, 0, 0)\" class=\"has-inline-color has-gray-500-color\">De hulpdienst is 365 dagen per jaar, 24 uur per dag beschikbaar.<\/mark><\/h2>\n\n\n\n<figure class=\"wp-block-image size-full\"><img loading=\"lazy\" decoding=\"async\" width=\"1920\" height=\"1440\" src=\"https:\/\/tvk.nl\/app\/uploads\/sites\/3\/2025\/10\/LynkCo_08_lifestyle_DSC_4083_V02_CMYK.jpg\" alt=\"Lynk &amp; Co Assistance\" class=\"wp-image-1392\" style=\"aspect-ratio:16\/9;object-fit:cover\" srcset=\"https:\/\/tvk.nl\/app\/uploads\/sites\/3\/2025\/10\/LynkCo_08_lifestyle_DSC_4083_V02_CMYK.jpg 1920w, https:\/\/tvk.nl\/app\/uploads\/sites\/3\/2025\/10\/LynkCo_08_lifestyle_DSC_4083_V02_CMYK-300x225.jpg 300w, https:\/\/tvk.nl\/app\/uploads\/sites\/3\/2025\/10\/LynkCo_08_lifestyle_DSC_4083_V02_CMYK-1024x768.jpg 1024w, https:\/\/tvk.nl\/app\/uploads\/sites\/3\/2025\/10\/LynkCo_08_lifestyle_DSC_4083_V02_CMYK-768x576.jpg 768w, https:\/\/tvk.nl\/app\/uploads\/sites\/3\/2025\/10\/LynkCo_08_lifestyle_DSC_4083_V02_CMYK-1536x1152.jpg 1536w, https:\/\/tvk.nl\/app\/uploads\/sites\/3\/2025\/10\/LynkCo_08_lifestyle_DSC_4083_V02_CMYK-640x480.jpg 640w\" sizes=\"auto, (max-width: 1920px) 100vw, 1920px\" \/><\/figure>\n<\/div>\n\n\n\n<div class=\"wp-block-column is-col-5 is-layout-flow wp-block-column-is-layout-flow\">\n<h3 class=\"wp-block-heading\" id=\"h-lynk-amp-co-assistance\">Lynk &amp; Co Assistance<\/h3>\n\n\n\n<p>Je Lynk &amp; Co-voertuig heeft een knop CALL US in het plafond en een softwareknop KLANTOPROEP op het middelste scherm. Als je op deze knoppen drukt, word je doorverbonden met onze telefonisten, die toegang hebben tot jouw geografische positie en andere informatie, zodat je zo goed mogelijk kunt worden geholpen.<\/p>\n\n\n\n<p>Je kunt ook bellen naar +31207219690. Ook in het buitenland kun je dit nummer bellen. Lynk &amp; Co Assistance staat voor je klaar.<\/p>\n\n\n\n<ul class=\"wp-block-list is-style-check has-gray-500-color has-text-color has-text-2-xl-font-size\">\n<li><strong>365 dagen per jaar, 24 uur per dag<\/strong><\/li>\n\n\n\n<li><strong>Beschikbaar in veel landen<\/strong><\/li>\n\n\n\n<li><strong>2 jaar gratis bij aanschaf van een nieuwe Lynk &amp; Co<\/strong><\/li>\n<\/ul>\n<\/div>\n<\/div>\n\n\n\n<h2 class=\"wp-block-heading\" id=\"h-beschikbaar-in-de-volgende-landen\">Beschikbaar in de volgende landen<\/h2>\n\n\n\n<p>Albani\u00eb, Andorra. Oostenrijk, Belgi\u00eb, Bosni\u00eb-Herzegovina, Bulgarije, Kroati\u00eb, Tsjechi\u00eb, Cyprus (*) Denemarken, Estland, Finland, Frankrijk, Noord-Macedoni\u00eb, Duitsland, Gibraltar, Griekenland, Hongarije, Ierland, Itali\u00eb, Letland, Liechtenstein, Litouwen, Luxemburg, Malta, Monaco, Montenegro, Nederland, Noorwegen, Polen, Portugal, Republiek San Marino, Roemeni\u00eb, Servi\u00eb, Slowakije, Sloveni\u00eb, Spanje, Zweden, Zwitserland, Verenigd Koninkrijk.&nbsp;<br><br>(*) De dekking op Cyprus is beperkt tot het Griekse deel van het eiland.<br><\/p>\n\n\n<section id=\"\" class=\"text-with-image alignfull wr-block text-with-image--bg-type-color wr-block--padding-y has-media-right\">\n    <div class=\"text-with-image__inner relative z-above\">\n        <div\n            class=\"container text-with-image__container\">\n            <div\n                class=\"lg:col-span-5 px-4 py-8 lg:py-0 lg:pl-16 lg:pr-8 self-center\">\n                <header class=\"flex flex-col gap-1 lg:gap-2 mb-4\">\n                                            <h2 class=\"text-with-image__title h2\">Waarom Lynk &amp; Co Assistance?<\/h2>\n                                                                <p class=\"text-with-image__subtitle\">We helpen je graag<\/p>\n                                                        <\/header>\n                <div>\n                                            <div class=\"text-with-image__content stylized-list\">\n                            <ul class=\"list-check\">\n<li>24\/7 pechhulp<\/li>\n<li>2 jaar inclusief bij aanschaf van een Lynk &amp; Co<\/li>\n<\/ul>\n\n                        <\/div>\n                                        \n                                    <\/div>\n            <\/div>\n            <div\n                class=\"lg:col-span-7 self-center order-first lg:order-last\">\n                <figure\n                    class=\"text-with-image__visual aspect-ratio-3-2\">\n                                            <picture class=\"object-cover object-center h-full w-full mb-0!\">\n                            <img loading=\"lazy\" decoding=\"async\" width=\"720\" height=\"480\" src=\"https:\/\/tvk.nl\/app\/uploads\/sites\/3\/2025\/10\/LynkCo_08_lifestyle_Bibian-03_06_25-16090_V02_CMYK-720x480.jpg\" class=\"object-cover object-center h-full w-full mb-0!\" alt=\"\" \/>\n                        <\/picture>\n                                    <\/figure>\n            <\/div>\n        <\/div>\n    <\/div>\n    <\/section>","protected":false},"excerpt":{"rendered":"<p>Bij onvoorziene omstandigheden waarin het onwaarschijnlijke geval zich voordoet dat je pech hebt, staat Lynk &amp; Co Assistance voor je klaar om je zo goed mogelijk te helpen. De hulpdienst is 365 dagen per jaar, 24 uur per dag beschikbaar. Lynk &amp; Co Assistance Je Lynk &amp; Co-voertuig heeft een knop CALL US in het [&hellip;]<\/p>\n","protected":false},"author":1,"featured_media":0,"parent":66,"menu_order":0,"comment_status":"closed","ping_status":"closed","template":"","meta":{"_acf_changed":false,"inline_featured_image":false,"footnotes":""},"class_list":["post-68","page","type-page","status-publish","hentry"],"acf":[],"yoast_head":"<!-- This site is optimized with the Yoast SEO Premium plugin v27.2 (Yoast SEO v27.2) - https:\/\/yoast.com\/product\/yoast-seo-premium-wordpress\/ -->\n<title>Lynk &amp; Co Assistance - Lynk &amp; Co<\/title>\n<meta name=\"description\" content=\"Als het onwaarschijnlijke geval zich voordoet dat je pech hebt, staat Lynk &amp; Co Assistance voor je klaar om je zo goed mogelijk te helpen.\" \/>\n<meta name=\"robots\" content=\"index, follow, max-snippet:-1, max-image-preview:large, max-video-preview:-1\" \/>\n<link rel=\"canonical\" href=\"https:\/\/tvk.nl\/lynkco\/extras\/lynkco-assistance\/\" \/>\n<meta property=\"og:locale\" content=\"nl_NL\" \/>\n<meta property=\"og:type\" content=\"article\" \/>\n<meta property=\"og:title\" content=\"Lynk &amp; Co Assistance\" \/>\n<meta property=\"og:description\" content=\"Als het onwaarschijnlijke geval zich voordoet dat je pech hebt, staat Lynk &amp; Co Assistance voor je klaar om je zo goed mogelijk te helpen.\" \/>\n<meta property=\"og:url\" content=\"https:\/\/tvk.nl\/lynkco\/extras\/lynkco-assistance\/\" \/>\n<meta property=\"og:site_name\" content=\"Lynk &amp; Co\" \/>\n<meta property=\"article:modified_time\" content=\"2026-02-18T14:57:17+00:00\" \/>\n<meta property=\"og:image\" content=\"https:\/\/tvk.nl\/app\/uploads\/sites\/3\/2026\/02\/LynkCo_08_lifestyle_Bibian-03_06_25-15267_V02_CMYK-edited.jpg\" \/>\n\t<meta property=\"og:image:width\" content=\"1920\" \/>\n\t<meta property=\"og:image:height\" content=\"1080\" \/>\n\t<meta property=\"og:image:type\" content=\"image\/jpeg\" \/>\n<meta name=\"twitter:card\" content=\"summary_large_image\" \/>\n<meta name=\"twitter:label1\" content=\"Geschatte leestijd\" \/>\n\t<meta name=\"twitter:data1\" content=\"2 minuten\" \/>\n<script type=\"application\/ld+json\" class=\"yoast-schema-graph\">{\"@context\":\"https:\/\/schema.org\",\"@graph\":[{\"@type\":\"WebPage\",\"@id\":\"https:\/\/tvk.nl\/lynkco\/extras\/lynkco-assistance\/\",\"url\":\"https:\/\/tvk.nl\/lynkco\/extras\/lynkco-assistance\/\",\"name\":\"Lynk & Co Assistance - Lynk &amp; Co\",\"isPartOf\":{\"@id\":\"https:\/\/tvk.nl\/lynkco\/#website\"},\"primaryImageOfPage\":{\"@id\":\"https:\/\/tvk.nl\/lynkco\/extras\/lynkco-assistance\/#primaryimage\"},\"image\":{\"@id\":\"https:\/\/tvk.nl\/lynkco\/extras\/lynkco-assistance\/#primaryimage\"},\"thumbnailUrl\":\"https:\/\/tvk.nl\/app\/uploads\/sites\/3\/2026\/02\/LynkCo_08_lifestyle_Bibian-03_06_25-15267_V02_CMYK-edited.jpg\",\"datePublished\":\"2025-10-13T09:34:53+00:00\",\"dateModified\":\"2026-02-18T14:57:17+00:00\",\"description\":\"Als het onwaarschijnlijke geval zich voordoet dat je pech hebt, staat Lynk & Co Assistance voor je klaar om je zo goed mogelijk te helpen.\",\"breadcrumb\":{\"@id\":\"https:\/\/tvk.nl\/lynkco\/extras\/lynkco-assistance\/#breadcrumb\"},\"inLanguage\":\"nl-NL\",\"potentialAction\":[{\"@type\":\"ReadAction\",\"target\":[\"https:\/\/tvk.nl\/lynkco\/extras\/lynkco-assistance\/\"]}]},{\"@type\":\"ImageObject\",\"inLanguage\":\"nl-NL\",\"@id\":\"https:\/\/tvk.nl\/lynkco\/extras\/lynkco-assistance\/#primaryimage\",\"url\":\"https:\/\/tvk.nl\/app\/uploads\/sites\/3\/2026\/02\/LynkCo_08_lifestyle_Bibian-03_06_25-15267_V02_CMYK-edited.jpg\",\"contentUrl\":\"https:\/\/tvk.nl\/app\/uploads\/sites\/3\/2026\/02\/LynkCo_08_lifestyle_Bibian-03_06_25-15267_V02_CMYK-edited.jpg\"},{\"@type\":\"BreadcrumbList\",\"@id\":\"https:\/\/tvk.nl\/lynkco\/extras\/lynkco-assistance\/#breadcrumb\",\"itemListElement\":[{\"@type\":\"ListItem\",\"position\":1,\"name\":\"Home\",\"item\":\"https:\/\/tvk.nl\/lynkco\/\"},{\"@type\":\"ListItem\",\"position\":2,\"name\":\"Extra&#8217;s\",\"item\":\"https:\/\/tvk.nl\/lynkco\/extras\/\"},{\"@type\":\"ListItem\",\"position\":3,\"name\":\"Lynk &#038; Co Assistance\"}]},{\"@type\":\"WebSite\",\"@id\":\"https:\/\/tvk.nl\/lynkco\/#website\",\"url\":\"https:\/\/tvk.nl\/lynkco\/\",\"name\":\"Lynk &amp; Co\",\"description\":\"\",\"potentialAction\":[{\"@type\":\"SearchAction\",\"target\":{\"@type\":\"EntryPoint\",\"urlTemplate\":\"https:\/\/tvk.nl\/lynkco\/?s={search_term_string}\"},\"query-input\":{\"@type\":\"PropertyValueSpecification\",\"valueRequired\":true,\"valueName\":\"search_term_string\"}}],\"inLanguage\":\"nl-NL\"}]}<\/script>\n<!-- \/ Yoast SEO Premium plugin. -->","yoast_head_json":{"title":"Lynk & Co Assistance - Lynk &amp; Co","description":"Als het onwaarschijnlijke geval zich voordoet dat je pech hebt, staat Lynk & Co Assistance voor je klaar om je zo goed mogelijk te helpen.","robots":{"index":"index","follow":"follow","max-snippet":"max-snippet:-1","max-image-preview":"max-image-preview:large","max-video-preview":"max-video-preview:-1"},"canonical":"https:\/\/tvk.nl\/lynkco\/extras\/lynkco-assistance\/","og_locale":"nl_NL","og_type":"article","og_title":"Lynk & Co Assistance","og_description":"Als het onwaarschijnlijke geval zich voordoet dat je pech hebt, staat Lynk & Co Assistance voor je klaar om je zo goed mogelijk te helpen.","og_url":"https:\/\/tvk.nl\/lynkco\/extras\/lynkco-assistance\/","og_site_name":"Lynk &amp; Co","article_modified_time":"2026-02-18T14:57:17+00:00","og_image":[{"width":1920,"height":1080,"url":"https:\/\/tvk.nl\/app\/uploads\/sites\/3\/2026\/02\/LynkCo_08_lifestyle_Bibian-03_06_25-15267_V02_CMYK-edited.jpg","type":"image\/jpeg"}],"twitter_card":"summary_large_image","twitter_misc":{"Geschatte leestijd":"2 minuten"},"schema":{"@context":"https:\/\/schema.org","@graph":[{"@type":"WebPage","@id":"https:\/\/tvk.nl\/lynkco\/extras\/lynkco-assistance\/","url":"https:\/\/tvk.nl\/lynkco\/extras\/lynkco-assistance\/","name":"Lynk & Co Assistance - Lynk &amp; Co","isPartOf":{"@id":"https:\/\/tvk.nl\/lynkco\/#website"},"primaryImageOfPage":{"@id":"https:\/\/tvk.nl\/lynkco\/extras\/lynkco-assistance\/#primaryimage"},"image":{"@id":"https:\/\/tvk.nl\/lynkco\/extras\/lynkco-assistance\/#primaryimage"},"thumbnailUrl":"https:\/\/tvk.nl\/app\/uploads\/sites\/3\/2026\/02\/LynkCo_08_lifestyle_Bibian-03_06_25-15267_V02_CMYK-edited.jpg","datePublished":"2025-10-13T09:34:53+00:00","dateModified":"2026-02-18T14:57:17+00:00","description":"Als het onwaarschijnlijke geval zich voordoet dat je pech hebt, staat Lynk & Co Assistance voor je klaar om je zo goed mogelijk te helpen.","breadcrumb":{"@id":"https:\/\/tvk.nl\/lynkco\/extras\/lynkco-assistance\/#breadcrumb"},"inLanguage":"nl-NL","potentialAction":[{"@type":"ReadAction","target":["https:\/\/tvk.nl\/lynkco\/extras\/lynkco-assistance\/"]}]},{"@type":"ImageObject","inLanguage":"nl-NL","@id":"https:\/\/tvk.nl\/lynkco\/extras\/lynkco-assistance\/#primaryimage","url":"https:\/\/tvk.nl\/app\/uploads\/sites\/3\/2026\/02\/LynkCo_08_lifestyle_Bibian-03_06_25-15267_V02_CMYK-edited.jpg","contentUrl":"https:\/\/tvk.nl\/app\/uploads\/sites\/3\/2026\/02\/LynkCo_08_lifestyle_Bibian-03_06_25-15267_V02_CMYK-edited.jpg"},{"@type":"BreadcrumbList","@id":"https:\/\/tvk.nl\/lynkco\/extras\/lynkco-assistance\/#breadcrumb","itemListElement":[{"@type":"ListItem","position":1,"name":"Home","item":"https:\/\/tvk.nl\/lynkco\/"},{"@type":"ListItem","position":2,"name":"Extra&#8217;s","item":"https:\/\/tvk.nl\/lynkco\/extras\/"},{"@type":"ListItem","position":3,"name":"Lynk &#038; Co Assistance"}]},{"@type":"WebSite","@id":"https:\/\/tvk.nl\/lynkco\/#website","url":"https:\/\/tvk.nl\/lynkco\/","name":"Lynk &amp; Co","description":"","potentialAction":[{"@type":"SearchAction","target":{"@type":"EntryPoint","urlTemplate":"https:\/\/tvk.nl\/lynkco\/?s={search_term_string}"},"query-input":{"@type":"PropertyValueSpecification","valueRequired":true,"valueName":"search_term_string"}}],"inLanguage":"nl-NL"}]}},"_links":{"self":[{"href":"https:\/\/tvk.nl\/lynkco\/wp-json\/wp\/v2\/pages\/68","targetHints":{"allow":["GET"]}}],"collection":[{"href":"https:\/\/tvk.nl\/lynkco\/wp-json\/wp\/v2\/pages"}],"about":[{"href":"https:\/\/tvk.nl\/lynkco\/wp-json\/wp\/v2\/types\/page"}],"author":[{"embeddable":true,"href":"https:\/\/tvk.nl\/lynkco\/wp-json\/wp\/v2\/users\/1"}],"replies":[{"embeddable":true,"href":"https:\/\/tvk.nl\/lynkco\/wp-json\/wp\/v2\/comments?post=68"}],"version-history":[{"count":10,"href":"https:\/\/tvk.nl\/lynkco\/wp-json\/wp\/v2\/pages\/68\/revisions"}],"predecessor-version":[{"id":3470,"href":"https:\/\/tvk.nl\/lynkco\/wp-json\/wp\/v2\/pages\/68\/revisions\/3470"}],"up":[{"embeddable":true,"href":"https:\/\/tvk.nl\/lynkco\/wp-json\/wp\/v2\/pages\/66"}],"wp:attachment":[{"href":"https:\/\/tvk.nl\/lynkco\/wp-json\/wp\/v2\/media?parent=68"}],"curies":[{"name":"wp","href":"https:\/\/api.w.org\/{rel}","templated":true}]}}